 (base 12) in base 8?
606324
What is 34404243 (base 5) in base 16?
4babc
What is -120358 (base 11) in base 4?
-232210213
What is -55aa124 (base 11) in base 4?
-211132023033
Convert 4575d (base 16) to base 11.
184835
What is -11010001101010101 (base 2) in base 5?
-11413344
What is -1010011010111110001010 (base 2) in base 15?
-38e6c9
3426563 (base 7) to base 5
102133300
1143593 (base 10) to base 5
243043333
What is -1525965 (base 12) in base 4?
-100111110131
-77c1aa (base 16) to base 6
-440115002
4087610 (base 9) to base 11
1261839
Convert -2457051 (base 10) to base 13.
-68049c
110001000111111111 (base 2) to base 10
201215
305480 (base 10) to base 2
1001010100101001000
What is 1b4b07 (base 12) in base 5?
111013211
Convert -1101211120201 (base 3) to base 13.
-200c92
What is -12011001323 (base 4) in base 10?
-1593467
-1453223 (base 7) to base 13
-6c19a
Convert -110300232 (base 4) to base 3.
-11022122120
Convert 427ca (base 14) to base 10.
160702
3d442 (base 15) to base 8
600150
-2400342 (base 6) to base 16
-1e686
Convert -c6954b (base 14) to base 6.
-355453223
What is 4551054 (base 9) in base 14?
47c760
7b9b0 (base 13) to base 11
144685
Convert 1111100110010101000 (base 2) to base 14.
d43c4
Convert 441e53 (base 15) to base 7.
36411213
What is -220313213033 (base 4) in base 15?
-e195bb
What is 10011012100000 (base 3) in base 4?
12121122033
What is 1431011332 (base 5) in base 8?
16274303
-7668547 (base 9) to base 5
-2023320102
130023230 (base 4) to base 11
79802
-2781871 (base 9) to base 15
-2035a4
Convert -1111001000110101100011 (base 2) to base 16.
-3c8d63
-12401401 (base 5) to base 11
-83811
296111 (base 10) to base 16
484af
What is 17b9298 (base 14) in base 8?
54625626
Convert 11101101000010110 (base 2) to base 6.
2333514
What is -2185c9 (base 13) in base 12?
-321031
What is -4061463 (base 8) in base 6?
-35004031
What is 1001100001110000010101 (base 2) in base 13?
695a5a
Convert -10210303 (base 5) to base 13.
-2c956
1510341 (base 10) to base 15
1ec796
What is 133c41 (base 13) in base 4?
1301223300
Convert -662c63 (base 13) to base 4.
-21023103323
What is 20201102121020 (base 3) in base 9?
6642536
-23720530 (base 8) to base 13
-1109476
What is -59458 (base 10) in base 8?
-164102
Convert 2863320 (base 9) to base 5.
400431323
-1003160 (base 7) to base 6
-2313505
What is 211202101 (base 3) in base 11?
11510
What is -35530525 (base 6) in base 2?
-100010000011110010101
What is -42a0 (base 14) in base 16?
-2cf4
What is 41125544 (base 7) in base 15?
47cd82
Convert 11121021101 (base 3) to base 13.
3230b
Convert -7011774 (base 8) to base 16.
-1c13fc
-10000110110001 (base 2) to base 4
-2012301
-66657 (base 13) to base 14
-4b918
-32143431 (base 5) to base 9
-453674
What is 1063435 (base 12) in base 10?
3116201
What is 1443540 (base 8) in base 12?
17a168
Convert 1001010000110101100110 (base 2) to base 13.
670355
Convert 946364 (base 11) to base 16.
17239a
Convert 78181 (base 10) to base 13.
2977c
What is 6556010 (base 9) in base 2?
1101011011101000110111
What is -5130245 (base 6) in base 12?
-b9985
Convert 2186a00 (base 11) to base 4.
32213023201
49609a (base 11) to base 10
784068
What is -1010110001110 (base 2) in base 5?
-134033
Convert 23541 (base 8) to base 15.
2ec1
11111002210211 (base 3) to base 5
1102234230
1014314010 (base 5) to base 13
588a2a
-1000013333 (base 4) to base 13
-92723
Convert 13bb2c (base 15) to base 5.
220412032
What is -4c5d1 (base 15) in base 16?
-3ba61
What is 12002010001 (base 3) in base 14?
285d9
Convert -422334 (base 7) to base 12.
-36220
Convert 10101101001010001011 (base 2) to base 8.
2551213
Convert -101111000011010011 (base 2) to base 12.
-93643
2235221 (base 6) to base 13
3cb0b
What is 89d8 (base 16) in base 12?
18508
Convert -474b96 (base 15) to base 7.
-40652556
-5151500 (base 7) to base 3
-1011101020202
What is -2210534 (base 9) in base 10?
-1187977
Convert -3ba22 (base 13) to base 16.
-1b3d0
What is -283518 (base 9) in base 7?
-1320641
Convert -aa0c5 (base 13) to base 16.
-4b21d
-437ed (base 16) to base 10
-276461
-373256 (base 11) to base 15
-b9be1
Convert -122422 (base 7) to base 3.
-1010212121
Convert 6432111 (base 8) to base 15.
23dc81
What is 12223 (base 13) in base 10?
33322
-162fae (base 16) to base 12
-5a1526
Convert -12100122100001 (base 3) to base 5.
-1212100424
2745451 (base 10) to base 4
22132101223
Convert -3c62d8 (base 14) to base 5.
-1013412020
Convert -2330013312 (base 4) to base 7.
-6356334
-35242541 (base 6) to base 16
-10b33d
What is -531551 (base 8) in base 11?
-110a90
Convert -23221001 (base 5) to base 12.
-a1b67
What is b4b18 (base 12) in base 9?
400512
-32ef (base 16) to base 7
-53005
What is -221112103 (base 4) in base 11?
-106277
-41c4d8 (base 16) to base 3
-22002222112020
Convert 2077757 (base 9) to base 2.
100010000000110100011
-3104234340 (base 5) to base 2
-11000000111010001000100
Convert 510540 (base 6) to base 13.
154c2
Convert -1165434 (base 7) to base 11.
-a332a
1100101100011111011000 (base 2) to base 12
1145aa0
What is -1b5b42 (base 14) in base 5?
-222220314
Convert -34022052 (base 6) to base 10.
-1029488
What is -460676 (base 8) in base 11?
-a7304
Convert -94b1da (base 14) to base 2.
-10011001010101110001100
Convert -11001000001011111000 (base 2) to base 15.
-112e40
-10313404 (base 5) to base 8
-255034
144433424 (base 5) to base 14
164613
What is 1d77d4 (base 16) in base 6?
105220500
Convert 1201120011002 (base 3) to base 16.
dfbef
What is 1222202200011 (base 3) in base 13?
2b08c4
Convert -20101020101002 (base 3) to base 8.
-14735252
-4746627 (base 8) to base 3
-2102221021020
What is 1000101001010101110 (base 2) in base 15?
58e25
1363576 (base 10) to base 8
5147170
What is -25645115 (base 8) in base 2?
-10101110100101001001101
What is 422255 (base 8) in base 3?
21010200021
4774b8 (base 12) to base 9
2147015
-240355414 (base 6) to base 7
-53222512
253304 (base 6) to base 10
22792
Convert 13a7e (base 15) to base 8.
173217
What is -124131041 (base 5) in base 7?
-5136415
What is -147a49a (base 14) in base 11?
-56a5774
What is 430504520 (base 6) in base 7?
121404132
What is 107574 (base 8) in base 10?
36732
What is 3721498 (base 11) in base 5?
3124120434
Convert 1464a3 (base 14) to base 8.
2550417
What is 39269 (base 10) in base 4?
21211211
Convert 6705204 (base 9) to base 5.
1410341200
What is -6161b (base 13) in base 16?
-2aa09
What is 11597a (base 11) in base 5?
21333043
-54a20a (base 13) to base 5
-1002234102
169299 (base 16) to base 9
2704220
What is -21b9d3 (base 14) in base 11?
-713178
What is 10111111110001000 (base 2) in base 4?
113332020
What is -2751629 (base 10) in base 2?
-1010011111110010001101
Convert -1533555 (base 6) to base 10.
-90287
a3411 (base 11) to base 3
21122222212
What is 1010210110200 (base 3) in base 10?
606141
What is -393bce (base 15) in base 3?
-12011112112212
What is -4073 (base 11) in base 15?
-1904
What is 3144431332 (base 5) in base 7?
110302261
What is 10110110010101110000 (base 2) in base 6?
24001412
-1010201002 (base 4) to base 7
-2246125
Convert -1343110 (base 8) to base 4.
-1130121020
129348a (base 12) to base 10
3676138
What is 3351524 (base 6) in base 14?
46044
b8721 (base 14) to base 8
1546751
Convert 20102101011121 (base 3) to base 16.
34125d
-6608185 (base 9) to base 16
-362702
-1632004 (base 10) to base 3
-10001220200121
11332 (base 4) to base 16
17e
Convert 36ac31 (base 14) to base 7.
21632661
What is 122123033200 (base 4) in base 14?
cc4772
Convert -11010110110011010110010 (base 2) to base 10.
-7038642
Convert -327058 (base 11) to base 15.
-a492a
What is 1c7713 (base 14) in base 4?
3320320111
Convert 42303245 (base 6) to base 7.
13341542
193a2 (base 14) to base 4
33211202
Convert -a978a8 (base 12) to base 15.
-381815
-322131112303 (base 4) to base 3
-1001211120101121
Convert -102177 (base 10) to base 16.
-18f21
What is -2699a (base 11) in base 13?
-1467c
What is -3203223210 (base 4) in base 10?
-932580
What is -4114aa (base 11) in base 13?
-1a19c3
What is 20201001221212 (base 3) in base 7?
42202550
-a1a06 (base 12) to base 9
-350716
Convert -1011020321 (base 4) to base 6.
-10023025
-1000111110100011110 (base 2) to base 7
-2333436
What is -74586 (base 12) in base 11?
-a4958
14135413 (base 6) to base 7
4034556
What is 10212202002001 (base 3)